ided by a?
4
Suppose 0 = -4*x - q + 15 + 33, 25 = x - 3*q. What is the remainder when 102 is divided by x?
11
Suppose 0 = z - 4*z - 6. Let t = -20 - z. Let g = t + 33. Calculate the remainder when g is divided by 6.
3
Suppose 5*m - 2 - 8 = 0. Suppose 2*r - 80 = -m*r. What is the remainder when ((-7)/(-3))/(7/231) is divided by r?
17
Let q(u) = u**3 - 5*u**2 + 6*u + 3. Let t(d) = -2*d**3 + 11*d**2 - 13*d - 7. Let s(b) = 7*q(b) + 4*t(b). Calculate the remainder when s(5) is divided by 11.
10
Let p(y) = 8*y**2 + 2*y - 10. Calculate the remainder when p(5) is divided by 29.
26
Suppose -95*f - 50 = -5*g - 90*f, -2*f = -10. Suppose -2*p = -6*p + 40. What is the remainder when g is divided by p?
5
Suppose 2*k + 19 = -4*h + 277, 4*h + 5*k = 273. Let f(m) = -m**3 + m**2 + 9. What is the remainder when h is divided by f(0)?
8
Suppose 9 - 5 = -2*l. Let p(h) = h**2 + 4*h + 9. Suppose 0 = 3*f + 4*s - s - 60, 59 = 3*f + 2*s. Calculate the remainder when f is divided by p(l).
4
Suppose -49*c + 45*c = -292. What is the remainder when 78 is divided by c?
5
What is the remainder when (-5 - 762)*(-2)/13 is divided by 12*(-2 + 1)*-2?
22
Suppose -9 = -2*g - 3*x, 2*x - 12 = -g - g. Suppose 5*n - 4*r = 75, 5*n + 5*r - r = 75. What is the remainder when n is divided by g?
6
Suppose -3*j + 4*j = 1. Calculate the remainder when j/4 + (-609)/(-12) is divided by 9.
6
Let w = 105 + 704. What is the remainder when w is divided by 45?
44
Suppose -3*o - 1 = -25. Let u be 30/o + 4/16. Suppose -3*d - 6 = -4*c - c, -u*d = 2*c - 18. What is the remainder when 5 is divided by d?
2
What is the remainder when (-256 + 6)/(2/(-3)) is divided by 18?
15
Suppose u = -4*g + 473, 586 = 5*g - 2*u - 2*u. Calculate the remainder when g is divided by 18.
10
Let n be ((-3)/1)/(6/(-248)). Let g = 67 + -129. Let b = g + n. Calculate the remainder when b is divided by 16.
14
Let o be 213 - (-8*3/(-6) - 1). Suppose -24*q + o = -10*q. Calculate the remainder when 88 is divided by q.
13
Let m(b) = 5*b + 24. Let n be m(-4). Suppose 3*i + 77 = 2*a, 3*i = -a + 20 - n. Calculate the remainder when 89 is divided by a.
27
Suppose -3*m = -w + 677, 2*w - 2*m = 478 + 884. What is the remainder when w is divided by 19?
18
Let q = 32 + 15. Suppose 0 = 9*n - 10*n + 13. What is the remainder when q is divided by n?
8
Let l be (-1)/(-1)*(30 + -17). Suppose 0 = k - l - 0. Calculate the remainder when (-2)/(-7) + (-1002)/(-21) is divided by k.
9
Let r be 2/(-4) - 11/(-2). Suppose k + r*c = -0*c + 95, 0 = k + 3*c - 103. Calculate the remainder when k is divided by 39.
37
Calculate the remainder when 2793/45 - 17/255 is divided by 21.
20
Calculate the remainder when (-5)/30 - 3045/(-18) is divided by 44.
37
Suppose 2*z - 16 = -0*z. Let l be (-90)/12*z/10. Let h(k) = -3*k + 6. Calculate the remainder when h(l) is divided by 13.
11
Suppose 2*z + 4*b = 52 - 10, -2*z + 4*b = -50. What is the remainder when 74 is divided by z?
5
Suppose -2*m + 3*m - 13 = -3*u, 4*u = 2*m + 24. Let g = 42 + m. Let d = g + -24. What is the remainder when 46 is divided by d?
14
Suppose -19*d = -10*d - 135. Calculate the remainder when d is divided by 4/(-6)*(1 + -16).
5
Suppose y + 99 = 4*y. Let x(s) = 4*s**2 - 27*s - 99. Let b(f) = -f**2 + 7*f + 25. Let g(m) = -9*b(m) - 2*x(m). What is the remainder when y is divided by g(12)?
6
Let b = 65 + -60. Suppose 147 = b*k + 2*k. Calculate the remainder when 40 is divided by k.
19
Let n(b) = -b**3 + 3*b**2 - b + 4. Let v be n(2). Suppose v*a - 21 = 3*a. What is the remainder when 11 is divided by a?
4
Let r(w) = w**3 + 14*w**2 + 25*w + 18. Suppose -4*a = 4*n - 124, n - 2*a - 35 = -5*a. What is the remainder when n is divided by r(-12)?
5
Let i = 15 - 15. Suppose -4*p - 11 = -n, i = -5*n - p + 23 + 11. Calculate the remainder when 17 is divided by n.
3
Let h be (-4 + 8)*(0 + 1). Let j be 3/2*h/2. Suppose -j - 2 = -m, -51 = -t + 3*m. Calculate the remainder when t is divided by 17.
15
Suppose 2*x = -3*t + 51, 2*t - 25 = 7*t. Calculate the remainder when x is divided by 23.
10
Suppose 0 = -2*g - 5*v + 38, v - 2 - 44 = -2*g. Suppose -5*n = 84 - 104. What is the remainder when g is divided by n?
0
Let u(p) = p**3 - 5*p**2 - 4. Let s be u(3). Let y = 32 + s. What is the remainder when 19 is divided by y?
9
Suppose 0*p + 5*k = 3*p - 4, p + k - 4 = 0. Suppose -2*q + 13 = -1. Calculate the remainder when 12 - (12 + -8 + (0 - p)) is divided by q.
4
Suppose -5 = -q + 5*m, 0 = 5*q - 9*q + m + 20. Calculate the remainder when 27 is divided by q.
2
Suppose -4*f = f - 230. Suppose 3*r - 2*h = 114, 0 = -6*r + r - 3*h + 190. What is the remainder when f is divided by -3 + 1/(2/r)?
14
Let p = -234 + 569. Calculate the remainder when 2 - (p/(-5) + -2) is divided by (74/3)/(2/3).
34
Let a(j) = -17*j**3 - j**2 - j. Suppose 5*r + 3*s = 55, 2*r - 22 = 46*s - 42*s. What is the remainder when a(-1) is divided by r?
6
Suppose 61 = -5*s + 246. What is the remainder when 219 is divided by s?
34
Let w = -19 - -37. Suppose -12 = -5*u + 2*p + 348, 50 = u + 4*p. Calculate the remainder when u is divided by w.
16
Let y = 318 - 287. What is the remainder when 369 is divided by y?
28
Let m(t) = 2*t**2 - 10*t - 6. Let b(f) = -83*f**3 + 6*f**2 - 22*f - 29. What is the remainder when b(-1) is divided by m(8)?
40
Let m(v) = -6*v**2 + 5*v - 6. Let p(s) = s**2 - s + 1. Let t(o) = -2*m(o) - 11*p(o). What is the remainder when t(6) is divided by 11?
10
Suppose 783 = 9*d - 4599. What is the remainder when d is divided by 30?
28
Suppose 4*l - 4*b = 1516, -5*l + 15*b = 11*b - 1899. Calculate the remainder when l is divided by 11.
9
Let s = -746 - -795. Calculate the remainder when 587 is divided by s.
48
Suppose 3*p = 5*y + 181, -4*y - 3 = -19. Calculate the remainder when p is divided by 67.
0
Suppose -9 = -3*i, -4*a + 102 = -0*a + 2*i. Suppose 20 = 5*n, 0*n = -5*g - n + a. Let u(m) = m**2 + 3*m - 4. Calculate the remainder when u(-5) is divided by g.
2
Suppose 2*a + 21 - 89 = 0. Let i be (-10)/15 + a/6. Let y(m) = -m**3 + 6*m**2 - m + 3. Calculate the remainder when y(i) is divided by 12.
11
Let j = 23 + -16. Let h = 82 + -75. Let v(u) = -u**2 + 11*u - 8. What is the remainder when v(h) is divided by j?
6
Suppose -54 = -2*j + 34. Suppose -2*b + 5*c + 103 = -0*c, -b + c + j = 0. What is the remainder when 108 is divided by b?
30
Let o(c) = -275*c**3 - 4*c**2 - 6*c - 3. What is the remainder when o(-1) is divided by 23?
21
Suppose -21*z + 442 - 43 = 0. Suppose -4*i - 63 = -579. What is the remainder when i is divided by z?
15
Let y(a) = a**2 - 33*a + 36. Calculate the remainder when 752 is divided by y(33).
32
Suppose 4*v - 6*v = 0. Suppose -g = -v*g. Suppose 30 = 2*r - g*r. Calculate the remainder when 43 is divided by r.
13
Let d = -49 + 1. Calculate the remainder when 38 is divided by (468/d)/((-3)/4).
12
Let g = -237 - -250. What is the remainder when g is divided by 7?
6
Let c(r) = r**2 - 13*r + 13. What is the remainder when 946 is divided by c(0)?
10
Suppose -3*r - 5*g + 303 = 0, -3*g + 8*g = r - 101. Calculate the remainder when 200 is divided by r.
99
What is the remainder when (-7236)/(-16) + -5 + (-25)/20 is divided by 56?
54
Suppose -195 = -3*i + 3*u + 3, -3*i + 2*u = -200. Calculate the remainder when i is divided by 14.
12
Let x = 20 - 66. Let y = -9 - x. Calculate the remainder when y is divided by 10.
7
Let s(v) = -v + 5. Let g(t) = -t + 10. Let m(z) = 2*g(z) - 5*s(z). Suppose 0 = -40*b + 37*b + 12. What is the remainder when 11 is divided by m(b)?
4
Let x(d) = -d**3 - 6*d**2 - 2*d - 8. Let l be x(-6). Suppose -3*p = -l*p - 3. Calculate the remainder when 47 is divided by (p + (4 - 3))*-4.
7
Let r = -60 + 92. Let i(p) = -p**3 - 7*p**2 + 7*p + 3. Calculate the remainder when r is divided by i(-8).
10
Let r(q) = 3*q**2 + 4*q - 2*q - 2*q + q. Suppose 0 = 6*g - 6 - 30. What is the remainder when g is divided by r(1)?
2
Let t = -24 + 57. What is the remainder when 53 is divided by 588/t - (-2)/11?
17
Let g(s) = -30*s - 48. Calculate the remainder when g(-4) is divided by 25.
22
Calculate the remainder when ((-6)/4)/((-8)/(3872/3)) is divided by 61.
59
Let k be (-32)/5 - 22/(-55). Let z(j) = 1 + 3 - 4*j**2 + 3*j**2 - 7*j + 4. What is the remainder when 25 is divided by z(k)?
11
Let h(a) = a**3 - 2*a**2 + 5*a - 25. What is the rema